{"id":16,"date":"2025-02-10T22:09:28","date_gmt":"2025-02-10T21:09:28","guid":{"rendered":"https:\/\/neu.wachstumimwandel.at\/?page_id=16"},"modified":"2025-02-10T22:09:28","modified_gmt":"2025-02-10T21:09:28","slug":"ueber-uns","status":"publish","type":"page","link":"https:\/\/neu.wachstumimwandel.at\/?page_id=16","title":{"rendered":"\u00dcber uns"},"content":{"rendered":"\n<p>Die Initiative Wachstum im Wandel setzt sich seit 17 Jahren mit den Themen Wachstum, Wohlstand und Lebensqualit\u00e4t auseinander.<\/p>\n\n\n\n<p>Im Oktober 2023 wurde der Verein \u201c<strong>Wachstum im Wandel \u00d6sterreich<\/strong>\u201d gegr\u00fcndet. Er basiert auf der urspr\u00fcnglichen \u201eInitiative Wachstum im Wandel\u201c auf Initiative des Umweltministeriums (bestehend seit 2008 siehe&nbsp;<a href=\"https:\/\/archive.wachstumimwandel.at\/\">hier<\/a>), an der zahlreiche Institutionen, NGOs, Einzelpersonen und Unternehmen teilgenommen haben.<\/p>\n\n\n\n<p>Der Verein l\u00e4dt Institutionen, Organisationen und Unternehmen sowie Einzelpersonen dazu ein, sich mit Fragen zu Wachstum, Wohlstand und Lebensqualit\u00e4t auseinanderzusetzen.<\/p>\n\n\n\n<p>In Anlehnung an die Initiative wird auch k\u00fcnftig der Diskurs zu Zukunftsfragen im Zentrum stehen:&nbsp;\u201eWelches Wachstum ist nachhaltig?\u201c, \u201eWie l\u00e4sst sich die Br\u00fccke schlagen zwischen Wirtschaft, \u00d6kologie und sozialer Gerechtigkeit?\u201c,&nbsp;aber auch \u201eWas soll wachsen und was nicht?\u201c. Wir streben an, diese Fragen aus unterschiedlichen Blickwinkeln und inter- und transdisziplin\u00e4r auf Basis der Expertise der vielf\u00e4ltigen Partner:innen zu betrachten.<\/p>\n\n\n\n<p>Sophia Kratz (Umweltdachverband), Hannah Desaler und Fritz Hinterberger (Club of Rome, Austrian Chapter) wurden in den ersten Vorstand gew\u00e4hlt: Gemeinsam planen wir&nbsp;wieder gr\u00f6\u00dfere Veranstaltungen sowie Diskurse in kleinerem Rahmen, Ver\u00f6ffentlichungen und die Weiterf\u00fchrung der Website. Der&nbsp;<strong>14-t\u00e4gige Stamm*Tisch<\/strong>&nbsp;sowie die aktuell dreimonatlichen&nbsp;<strong>Wachstum im Wandel Fr\u00fchst\u00fccke<\/strong>&nbsp;erfreuen sich bereits gro\u00dfer Beliebtheit.<\/p>\n\n\n\n<p>Das BMK, das \u00d6kosoziale Forum, der Verein SoL und das Start-up Saphenus sowie Einzelpersonen geh\u00f6ren zu den ersten Mitgliedern und es kommen immer neue hinzu.<\/p>\n\n\n\n<p>Am 5.12.2023 wurde mit der Auftaktveranstaltung im Haus der EU gleichzeitig zur\u00fcck und nach vorne geblickt werden.&nbsp;Es wurde \u00fcber dar\u00fcber diskutiert, welche Player und welche Konzepte wir f\u00fcr ein erdvertr\u00e4gliches Wirtschaften f\u00fcr Alle brauchen.&nbsp;<\/p>\n\n\n\n<p><strong>Herzliche Einladung<\/strong>: Wir laden Euch und Eure Organisation ein (wieder) Teil der Initiative Wachstum im Wandel zu werden.<\/p>\n\n\n\n<p>Eure Fragen beantworten wir immer gerne.<\/p>\n\n\n\n<p>Sophia Kratz<br>&amp;<br>Fritz Hinterberger<\/p>\n","protected":false},"excerpt":{"rendered":"<p>Die Initiative Wachstum im Wandel setzt sich seit 17 Jahren mit den Themen Wachstum, Wohlstand und Lebensqualit\u00e4t auseinander. Im Oktober 2023 wurde der Verein \u201cWachstum im Wandel \u00d6sterreich\u201d gegr\u00fcndet. Er basiert auf der urspr\u00fcnglichen \u201eInitiative Wachstum im Wandel\u201c auf Initiative des Umweltministeriums (bestehend seit 2008 siehe&nbsp;hier), an der zahlreiche Institutionen, NGOs, Einzelpersonen und Unternehmen teilgenommen [&hellip;]<\/p>\n","protected":false},"author":2,"featured_media":0,"parent":0,"menu_order":0,"comment_status":"closed","ping_status":"closed","template":"","meta":{"footnotes":""},"class_list":["post-16","page","type-page","status-publish","hentry"],"_links":{"self":[{"href":"https:\/\/neu.wachstumimwandel.at\/index.php?rest_route=\/wp\/v2\/pages\/16","targetHints":{"allow":["GET"]}}],"collection":[{"href":"https:\/\/neu.wachstumimwandel.at\/index.php?rest_route=\/wp\/v2\/pages"}],"about":[{"href":"https:\/\/neu.wachstumimwandel.at\/index.php?rest_route=\/wp\/v2\/types\/page"}],"author":[{"embeddable":true,"href":"https:\/\/neu.wachstumimwandel.at\/index.php?rest_route=\/wp\/v2\/users\/2"}],"replies":[{"embeddable":true,"href":"https:\/\/neu.wachstumimwandel.at\/index.php?rest_route=%2Fwp%2Fv2%2Fcomments&post=16"}],"version-history":[{"count":1,"href":"https:\/\/neu.wachstumimwandel.at\/index.php?rest_route=\/wp\/v2\/pages\/16\/revisions"}],"predecessor-version":[{"id":17,"href":"https:\/\/neu.wachstumimwandel.at\/index.php?rest_route=\/wp\/v2\/pages\/16\/revisions\/17"}],"wp:attachment":[{"href":"https:\/\/neu.wachstumimwandel.at\/index.php?rest_route=%2Fwp%2Fv2%2Fmedia&parent=16"}],"curies":[{"name":"wp","href":"https:\/\/api.w.org\/{rel}","templated":true}]}}

Über uns

<p>Die Initiative Wachstum im Wandel setzt sich seit 17 Jahren mit den Themen Wachstum, Wohlstand und Lebensqualität auseinander.</p>



<p>Im Oktober 2023 wurde der Verein “<strong>Wachstum im Wandel Österreich</strong>” gegründet. Er basiert auf der ursprünglichen „Initiative Wachstum im Wandel“ auf Initiative des Umweltministeriums (bestehend seit 2008 siehe&nbsp;<a href="https://archive.wachstumimwandel.at/">hier</a>), an der zahlreiche Institutionen, NGOs, Einzelpersonen und Unternehmen teilgenommen haben.</p>



<p>Der Verein lädt Institutionen, Organisationen und Unternehmen sowie Einzelpersonen dazu ein, sich mit Fragen zu Wachstum, Wohlstand und Lebensqualität auseinanderzusetzen.</p>



<p>In Anlehnung an die Initiative wird auch künftig der Diskurs zu Zukunftsfragen im Zentrum stehen:&nbsp;„Welches Wachstum ist nachhaltig?“, „Wie lässt sich die Brücke schlagen zwischen Wirtschaft, Ökologie und sozialer Gerechtigkeit?“,&nbsp;aber auch „Was soll wachsen und was nicht?“. Wir streben an, diese Fragen aus unterschiedlichen Blickwinkeln und inter- und transdisziplinär auf Basis der Expertise der vielfältigen Partner:innen zu betrachten.</p>



<p>Sophia Kratz (Umweltdachverband), Hannah Desaler und Fritz Hinterberger (Club of Rome, Austrian Chapter) wurden in den ersten Vorstand gewählt: Gemeinsam planen wir&nbsp;wieder größere Veranstaltungen sowie Diskurse in kleinerem Rahmen, Veröffentlichungen und die Weiterführung der Website. Der&nbsp;<strong>14-tägige Stamm*Tisch</strong>&nbsp;sowie die aktuell dreimonatlichen&nbsp;<strong>Wachstum im Wandel Frühstücke</strong>&nbsp;erfreuen sich bereits großer Beliebtheit.</p>



<p>Das BMK, das Ökosoziale Forum, der Verein SoL und das Start-up Saphenus sowie Einzelpersonen gehören zu den ersten Mitgliedern und es kommen immer neue hinzu.</p>



<p>Am 5.12.2023 wurde mit der Auftaktveranstaltung im Haus der EU gleichzeitig zurück und nach vorne geblickt werden.&nbsp;Es wurde über darüber diskutiert, welche Player und welche Konzepte wir für ein erdverträgliches Wirtschaften für Alle brauchen.&nbsp;</p>



<p><strong>Herzliche Einladung</strong>: Wir laden Euch und Eure Organisation ein (wieder) Teil der Initiative Wachstum im Wandel zu werden.</p>



<p>Eure Fragen beantworten wir immer gerne.</p>



<p>Sophia Kratz<br>&amp;<br>Fritz Hinterberger</p>

<p>Die Initiative Wachstum im Wandel setzt sich seit 17 Jahren mit den Themen Wachstum, Wohlstand und Lebensqualität auseinander. Im Oktober 2023 wurde der Verein “Wachstum im Wandel Österreich” gegründet. Er basiert auf der ursprünglichen „Initiative Wachstum im Wandel“ auf Initiative des Umweltministeriums (bestehend seit 2008 siehe&nbsp;hier), an der zahlreiche Institutionen, NGOs, Einzelpersonen und Unternehmen teilgenommen [&hellip;]</p>
